e y(-18). Let h(g) = 10*g**3 + 3*g**2 + 19*g + 7. Is h(n) a prime number?
True
Is ((-5)/(-4))/(70/28) + 192277/2 prime?
False
Let k = -226 - -339. Let w = k + -55. Suppose w = -y + 2*y. Is y prime?
False
Let r = 4470 - 4466. Suppose 2*l + 2*l - 8 = 0. Suppose 0*a = l*a - 5*n - 32667, -a + 16335 = -r*n. Is a a prime number?
False
Let r(l) = 2*l**3 - 174*l**2 - 575*l + 359. Is r(116) a composite number?
False
Suppose -23*l + 2734867 + 5005438 = 0. Is l prime?
False
Suppose 4*q = k - 18029, 4*k - 18014 = 3*k + q. Let u = k + -12455. Is u a prime number?
False
Is ((-25411347)/21)/(-3) + 128/448 a composite number?
True
Let u = -1002 - -1007. Is ((-36)/(-24))/(u/((-374230)/(-3))) a prime number?
True
Let w(h) = -49*h - 2. Let g be w(-1). Let o = -62 + g. Let a = 18 + o. Is a a composite number?
False
Let z(n) = n - 2. Let r be z(4). Suppose 4*h = r*g + 470, 0 = 4*h + 5*g - 313 - 136. Suppose v - h = x, -3*x = -v + 195 - 69. Is v composite?
True
Let v(k) = -4110*k + 309. Is v(-11) composite?
True
Suppose 25*q - 626789 = -821165 + 2039851. Is q a prime number?
True
Let a be (0 + -2 - -19083) + 0 + 5. Let z = a - 9145. Is z a prime number?
True
Let i = 810 + -497. Suppose -i*l + 321*l = 53096. Is l prime?
True
Suppose q + 78675 = 4*b + 11814, -4*b - 4*q = -66856. Is b a prime number?
False
Let r(i) = 393*i**2 + 19*i - 10. Let d be r(-6). Suppose 4*n - 3236 - d = 0. Suppose -3*q - v + n = -q, -v - 6480 = -3*q. Is q composite?
True
Suppose 0 = 2*q + 3*a - 1125991, -76*a = -73*a + 15. Is q a prime number?
False
Is (-22857779)/(-35) - -4 - (-34)/(-85) prime?
True
Suppose 0 = 3*h + 4*a - 58679, h + 553*a = 555*a + 19543. Is h a prime number?
True
Suppose 0 = -6*d + 18, 4*m + 2*d = 9*m - 490069. Is m a composite number?
True
Suppose 0 = 568*c - 566*c - 14582. Is c prime?
False
Let m be ((-58)/(-203))/(3/(-63)). Is (51592/(-48))/(1/m) a composite number?
False
Let h(o) be the third derivative of o**5/60 - o**4/3 + 5*o**3/6 + 8*o**2. Let i be h(8). Is 120 + (20/(-4))/i composite?
True
Let j(d) be the second derivative of d**5/10 - 5*d**4/12 + 7*d**3/6 - 9*d**2/2 - 2*d. Suppose 2*o - 4*o = -5*l + 42, 5*o - 3 = -l. Is j(l) composite?
False
Let t(l) = 54*l**2 + 16*l - 23. Let a(b) = -3*b - 67. Let x be a(-19). Let p be t(x). Let s = p - 2846. Is s composite?
False
Suppose -98394149 = -304*b + 109199243. Is b composite?
True
Let s(r) = r**3 + 3*r**2 - 3*r + 3. Let m be s(-3). Suppose -2*f = f - x - 11, -4*f + m = -4*x. Suppose f*w = 8975 - 1587. Is w a composite number?
False
Suppose 33073 = 9*z - 33356. Let j = z - 4244. Is j a composite number?
False
Suppose -33*s + 37*s = 244. Let o(u) = 45*u - 29*u + s*u. Is o(1) composite?
True
Let i = 7 - 2. Suppose i*s = -s. Suppose 6*a - 351 - 987 = s. Is a a prime number?
True
Let v = -24132 - -36161. Is v a composite number?
True
Let u = -35 + 46. Suppose -4973 = u*r - 48346. Is r composite?
False
Is (-2)/9*11871/(-6)*291 a composite number?
True
Let i = -523737 + 770638. Is i prime?
False
Let p be 3/(-3) - (-9 + 4). Is p + (-52)/(-78)*(-20022)/(-4) composite?
True
Let w = 183811 + -124922. Is w a prime number?
True
Let p(b) = 10*b - 176. Let w be p(18). Suppose -2*x = w*u - 43130, 3*u - 2*x + 7372 - 39709 = 0. Is u prime?
True
Let u(y) = -y**2 - 6*y - 9. Let m be u(-4). Let a be m/(-2) + 14/4. Suppose -a*v + 829 + 2151 = 0. Is v prime?
False
Suppose 0 = 37*a - 26*a - 517. Is 5/(-25) + a*1252/20 a composite number?
True
Suppose -11*q + 12*q = y - 395182, 10 = -2*q. Is y a prime number?
False
Let y = -75073 - -308910. Is y prime?
True
Let h(g) = 1273*g**2 + 43*g + 13. Is h(16) prime?
False
Suppose 0 = -2*h + 4*d + 100990, h + 6*d - 11*d - 50492 = 0. Is h a prime number?
True
Let k be (1 - -37) + (-3)/1. Let q = -11 + k. Let z = 33 + q. Is z prime?
False
Let k = -77 + 78. Is (6 + 1)/(-2*k/(-1382)) a prime number?
False
Let n = 446 - 443. Suppose -4*a + 6*x = 2*x - 7652, 0 = -n*a + 5*x + 5735. Is a composite?
True
Let a(m) = -36*m + 33. Let b be a(-9). Is (161/b - (-4)/(-34))*8223 prime?
True
Let u(t) = 34*t**2 - 4*t + 17. Let c be 1/1*(3 - 5). Let s be 5/c*1/(3/6). Is u(s) a composite number?
False
Let u(g) = 117*g - 343. Let k be u(8). Let s be (279/(-6))/((-2)/(-16)). Let y = s + k. Is y prime?
False
Suppose -612455 = 27*n - 6121724. Is n composite?
False
Let h be ((-68)/102)/(2/(-6453)). Let m = h + 10460. Is m composite?
False
Let y(p) = -267*p**3 + 55*p**2 + 15*p + 4. Is y(-11) prime?
True
Let w = 232198 - 2841. Is w composite?
True
Suppose 4*s = 4*r + 7784, -11 - 4 = 5*s. Let u = r - -7080. Is u composite?
True
Let k(s) = 21106*s**2 + 3*s + 10. Is k(-1) a prime number?
False
Let l(t) = 7*t**3 + 23*t**2 - 4*t + 357. Is l(25) prime?
False
Is 2*1/2 + (2 - -42166 - -22) composite?
True
Let l(a) = -2579*a + 2444. Is l(-55) a prime number?
True
Suppose -f + 873209 = 5*v, 204*f - 2619627 = 201*f + v. Is f a prime number?
True
Suppose 73*l + 59*l = 70620. Suppose x = -5*w - 19 + 256, w + 529 = 2*x. Let y = x + l. Is y a composite number?
False
Let n(h) = 5266*h - 4. Is n(5) prime?
False
Suppose 181*d - 3311634 = 147*d. Is d a prime number?
False
Let g(v) = 4 - 4 + 108*v**2 + 411*v - 404*v. Is g(5) composite?
True
Suppose k = -3*r + 13, 0*r + 12 = 4*k + 4*r. Is ((-1)/k*-1)/(7/(-4298)) a prime number?
True
Let a(b) = -4422*b**3 - b - 2. Let s = -435 + 434. Is a(s) a prime number?
True
Let j = 42 + -43. Let o be (j/2)/(2/(-24)). Suppose 211 = 7*r - o*r. Is r composite?
False
Is 4/3*81708564/112 a composite number?
False
Let j = -375 + 377. Suppose -o + 4337 = 4*t, -4*o + t + 17408 = j*t. Is o a prime number?
False
Let h = 2593 + -936. Is h composite?
False
Is ((-4)/6 - (23 + -7 + -17))*39783 a composite number?
True
Suppose -b + 900 = b - 4*u, -5*b - 5*u = -2295. Let c = 1919 - b. Let p = c - 642. Is p a prime number?
True
Suppose -44152 = -96*h + 88*h. Is h a prime number?
True
Let o(k) be the third derivative of 7/2*k**3 + 0*k + 5/4*k**4 + 0 - 11*k**2. Is o(6) prime?
False
Let y(j) = -728*j - 103. Is y(-49) a composite number?
False
Suppose -o - 11*f + 5395 = -7*f, -3*f = 4*o - 21619. Is o a composite number?
False
Let c(y) = -y - 24. Let f be c(-16). Let u(v) = v**3 + 7*v**2 - 11*v - 19. Let a be u(f). Suppose a*o + 3*m - 3730 = 0, m = 3*m + 10. Is o a prime number?
False
Let k = 93908 - 63597. Is k a composite number?
True
Let y be (262/1)/((-20)/(-30)). Let x = 652 - y. Is x prime?
False
Let q(t) = 131*t**2 - 3*t - 11. Suppose 29 - 45 = -4*d. Let c be q(d). Suppose -4*k + c + 273 = r, -3*k - 2*r + 1757 = 0. Is k composite?
False
Let t be -28 + (-7 - (-15)/5). Let w = -29 - t. Suppose w*q = -q + 1148. Is q a composite number?
True
Let k be 254/6 - (-8 - (-308)/33). Suppose 26324 = 45*r - k*r. Is r a composite number?
False
Suppose 4*u + u = -45. Let l(z) = -12 + 13*z - 13 + 37 - 8 + 4*z**2. Is l(u) composite?
False
Let w(k) = -963*k**3 + 9*k**2 + 40*k - 73. Is w(-6) prime?
False
Let a = -10504 - -6765. Let l = a + 14936. Is l composite?
False
Suppose 0 = -3*p + l + 1479312, -7*l + 1479303 = 3*p - 11*l. Is p composite?
True
Let y(u) = 247*u**2 - 2*u - 7. Suppose 14 = 2*q - 2*i, -2*q = -10*i + 5*i - 17. Let t be y(q). Suppose t + 2381 = 2*v. Is v a prime number?
False
Let x(f) = f**3 + 75*f**2 + 443*f + 134. Is x(75) prime?
True
Suppose 0 = 4*l + 2*r - 28, 2*l + l - 5*r - 21 = 0. Suppose 2*b - 9 = -l*b. Is b/2*(-1)/(2/(-892)) prime?
True
Let v = -273 + 305. Let x(u) = u**3 - 5*u**2 + u - 49. Is x(v) a prime number?
True
Let j(c) = -22*c + 23. Suppose 38 = -5*b + 2*v, 3*b + 8 = -b - 4*v. Is j(b) a prime number?
False
Suppose 3*k - 526788 = -26*m + 23*m, 0 = -17*m + 5*k + 2985242. Is m prime?
True
Let k = -190216 + 113006. Is (1 - 4) + (-9)/(45/k) a prime number?
True
Suppose 6*t - 57 = 9*t. Let j(u) = u**3 + 20*u**2 - 13*u + 95. Is j(t) a prime number?
False
Suppose 7633*j + 189535 = 7638*j. Is j a prime number?
True
Let l be (-2)/3*45/(-6). Suppose -4*t - y + 7 = 0, l*t + y = 4*y + 30. Suppose -t*s = -5*s + 1018. Is s a prime number?
True
Let c(n) = -n**2 - 35*n - 17. Let w(g) = -g + 6. Let y be w(3). Suppose 4*z = y*t + 39, -3*t - 5 = 4*z + 58. Is c(t) a composite number?
True
Suppose -66 = -10*w + 7*w. Suppose -4*v - g + w = -3*g, 5*v - 30 = 5*g. Suppose -6*y + v*y = -k + 885, k + 2*y = 891. Is k prime?
True
Is 4*(136